{"id":888,"date":"2022-12-29T14:40:00","date_gmt":"2022-12-29T14:40:00","guid":{"rendered":"https:\/\/eggregore.be\/?page_id=888"},"modified":"2023-04-07T17:28:39","modified_gmt":"2023-04-07T17:28:39","slug":"techno-larp","status":"publish","type":"page","link":"https:\/\/eggregore.be\/?page_id=888","title":{"rendered":"Techno LARP"},"content":{"rendered":"\n<p><\/p>\n\n\n<div class=\"gb-container gb-container-5e687653\"><div class=\"gb-inside-container\">\n<div class=\"gb-grid-wrapper gb-grid-wrapper-668e5acf\">\n<div class=\"gb-grid-column gb-grid-column-3333f3ed\"><div class=\"gb-container gb-container-3333f3ed\"><div class=\"gb-inside-container\">\n\n<h3 class=\"wp-block-heading has-text-align-center\">Techno LARP<\/h3>\n\n\n<div class=\"gb-container gb-container-42307072\"><div class=\"gb-inside-container\">\n<div class=\"wp-block-image is-style-default\">\n<figure class=\"aligncenter size-large is-resized\"><img loading=\"lazy\" decoding=\"async\" src=\"https:\/\/eggregore.be\/wp-content\/uploads\/2022\/12\/Underline-limit-purple-1024x114.png\" alt=\"\" class=\"wp-image-719\" width=\"256\" height=\"29\" srcset=\"https:\/\/eggregore.be\/wp-content\/uploads\/2022\/12\/Underline-limit-purple-1024x114.png 1024w, https:\/\/eggregore.be\/wp-content\/uploads\/2022\/12\/Underline-limit-purple-300x33.png 300w, https:\/\/eggregore.be\/wp-content\/uploads\/2022\/12\/Underline-limit-purple-768x85.png 768w, https:\/\/eggregore.be\/wp-content\/uploads\/2022\/12\/Underline-limit-purple.png 1501w\" sizes=\"auto, (max-width: 256px) 100vw, 256px\" \/><\/figure>\n<\/div>\n<\/div><\/div>\n\n\n<p><strong><em>TechnoLarp<\/em><\/strong>&nbsp;est une solution \u201cclef en main\u201d visant \u00e0 rendre accessible \u00e0 tout organisateur de&nbsp;<a href=\"https:\/\/fr.wikipedia.org\/wiki\/Jeu_de_r%C3%B4le_grandeur_nature\">Jeu de Role Grandeur Nature<\/a>&nbsp;la possibilit\u00e9 d\u2019int\u00e9grer dans ses \u00e9v\u00e9nements des objets de jeu ou d\u00e9cors interactifs reposant sur des moyens \u00e9lectroniques.<\/p>\n\n<\/div><\/div><\/div>\n\n<div class=\"gb-grid-column gb-grid-column-8dcdece9\"><div class=\"gb-container gb-container-8dcdece9\"><div class=\"gb-inside-container\">\n\n<h6 class=\"gb-headline gb-headline-96b92fa0 gb-headline-text\">Informations pratiques<\/h6>\n\n\n<div class=\"gb-grid-wrapper gb-grid-wrapper-5d9576b4\">\n<div class=\"gb-grid-column gb-grid-column-861229b8\"><div class=\"gb-container gb-container-861229b8\"><div class=\"gb-inside-container\">\n\n<p><strong>Temporalit\u00e9 :<\/strong><\/p>\n\n\n\n<p><strong>Lieu :<\/strong><\/p>\n\n\n\n<p><strong>Contact :<\/strong><\/p>\n\n\n\n<p><strong>Suivre sur les r\u00e9seaux :<\/strong> <\/p>\n\n<\/div><\/div><\/div>\n\n<div class=\"gb-grid-column gb-grid-column-66836a18\"><div class=\"gb-container gb-container-66836a18\"><div class=\"gb-inside-container\">\n\n<p>En continu<\/p>\n\n\n\n<p>Discord Eggr\u00e9gore<\/p>\n\n\n\n<p>info@eggregore.be<\/p>\n\n\n\n<ul class=\"wp-block-social-links alignleft has-small-icon-size is-layout-flex wp-block-social-links-is-layout-flex\"><li class=\"wp-social-link wp-social-link-facebook  wp-block-social-link\"><a href=\"https:\/\/www.facebook.com\/gleveasbl\" class=\"wp-block-social-link-anchor\"><svg width=\"24\" height=\"24\" viewBox=\"0 0 24 24\" version=\"1.1\" xmlns=\"http:\/\/www.w3.org\/2000\/svg\" aria-hidden=\"true\" focusable=\"false\"><path d=\"M12 2C6.5 2 2 6.5 2 12c0 5 3.7 9.1 8.4 9.9v-7H7.9V12h2.5V9.8c0-2.5 1.5-3.9 3.8-3.9 1.1 0 2.2.2 2.2.2v2.5h-1.3c-1.2 0-1.6.8-1.6 1.6V12h2.8l-.4 2.9h-2.3v7C18.3 21.1 22 17 22 12c0-5.5-4.5-10-10-10z\"><\/path><\/svg><span class=\"wp-block-social-link-label screen-reader-text\">Facebook<\/span><\/a><\/li>\n\n<li class=\"wp-social-link wp-social-link-facebook  wp-block-social-link\"><a href=\"https:\/\/www.facebook.com\/groups\/493346551511938\/\" class=\"wp-block-social-link-anchor\"><svg width=\"24\" height=\"24\" viewBox=\"0 0 24 24\" version=\"1.1\" xmlns=\"http:\/\/www.w3.org\/2000\/svg\" aria-hidden=\"true\" focusable=\"false\"><path d=\"M12 2C6.5 2 2 6.5 2 12c0 5 3.7 9.1 8.4 9.9v-7H7.9V12h2.5V9.8c0-2.5 1.5-3.9 3.8-3.9 1.1 0 2.2.2 2.2.2v2.5h-1.3c-1.2 0-1.6.8-1.6 1.6V12h2.8l-.4 2.9h-2.3v7C18.3 21.1 22 17 22 12c0-5.5-4.5-10-10-10z\"><\/path><\/svg><span class=\"wp-block-social-link-label screen-reader-text\">Facebook<\/span><\/a><\/li><\/ul>\n\n<\/div><\/div><\/div>\n<\/div>\n<\/div><\/div><\/div>\n<\/div>\n<\/div><\/div>\n\n<div class=\"gb-container gb-container-bae096b3\">\n<div class=\"gb-grid-wrapper gb-grid-wrapper-0f7a2f84\">\n<div class=\"gb-grid-column gb-grid-column-c9a21371\"><div class=\"gb-container gb-container-c9a21371\">\n\n<figure class=\"gb-block-image gb-block-image-200647f6\"><img loading=\"lazy\" decoding=\"async\" width=\"1024\" height=\"576\" class=\"gb-image gb-image-200647f6\" src=\"https:\/\/eggregore.be\/wp-content\/uploads\/2023\/04\/Exemple-techno.png\" alt=\"\" title=\"Exemple-techno\" srcset=\"https:\/\/eggregore.be\/wp-content\/uploads\/2023\/04\/Exemple-techno.png 1024w, https:\/\/eggregore.be\/wp-content\/uploads\/2023\/04\/Exemple-techno-300x169.png 300w, https:\/\/eggregore.be\/wp-content\/uploads\/2023\/04\/Exemple-techno-768x432.png 768w\" sizes=\"auto, (max-width: 1024px) 100vw, 1024px\" \/><\/figure>\n\n<\/div><\/div>\n\n<div class=\"gb-grid-column gb-grid-column-c9603106\"><div class=\"gb-container gb-container-c9603106\">\n\n<div class=\"wp-block-cb-carousel cb-single-slide\" data-slick=\"{&quot;slidesToShow&quot;:1,&quot;slidesToScroll&quot;:1,&quot;speed&quot;:300,&quot;arrows&quot;:true,&quot;dots&quot;:true,&quot;autoplay&quot;:true,&quot;autoplaySpeed&quot;:3000,&quot;infinite&quot;:true,&quot;responsive&quot;:[{&quot;breakpoint&quot;:769,&quot;settings&quot;:{&quot;slidesToShow&quot;:1,&quot;slidesToScroll&quot;:1}}]}\">\n<div class=\"wp-block-cb-slide\">\n<h2 class=\"gb-headline gb-headline-30f3a561 gb-headline-text\">Facile d&rsquo;utilisation pour les utilisateurs<\/h2>\n\n\n\n<p> <\/p>\n\n\n\n<ul class=\"wp-block-list\">\n<li><strong>Aucune comp\u00e9tence en \u00e9lectronique ou en programmation n\u2019est requise<\/strong>&nbsp;: Il est possible d\u2019adapter les dispositifs aux besoins de votre \u00e9v\u00e9nement uniquement par des actions de configuration.<\/li>\n\n\n\n<li>Une fois les connecteurs soud\u00e9s au PCB, aucune autre soudure n\u2019est n\u00e9cessaire (le d\u00e9ploiement d\u2019un dispositif se limite \u00e0 brancher des c\u00e2bles en suivant les instructions du manuel ou des vid\u00e9os explicatives).<\/li>\n\n\n\n<li>L\u2019ensemble des op\u00e9rations de d\u00e9ploiement et d\u2019utilisation des dispositifs TechnoLarp sont d\u00e9taill\u00e9s dans un manuel clair, exhaustif et illustr\u00e9 ainsi qu\u2019un ensemble de capsules tutoriels-vid\u00e9o.<\/li>\n<\/ul>\n<\/div>\n\n\n\n<div class=\"wp-block-cb-slide\">\n<h2 class=\"gb-headline gb-headline-a3b272d5 gb-headline-text\"><strong>Adapt\u00e9s aux besoins et cas d\u2019utilisation de la pratique du GN<\/strong><\/h2>\n\n\n\n<p>Cr\u00e9\u00e9s par et pour des organisateur\u00b7trices, les dispositifs sont imagin\u00e9s sur base de besoins et d&rsquo;id\u00e9es n\u00e9s sur le terrain.<\/p>\n<\/div>\n\n\n\n<div class=\"wp-block-cb-slide\">\n<h2 class=\"gb-headline gb-headline-12ca1e08 gb-headline-text\"><strong>Autonomes<\/strong><\/h2>\n\n\n\n<p>Les dispositifs&nbsp;<strong><em>TechnoLarp<\/em><\/strong>&nbsp;sont con\u00e7us pour qu\u2019une fois d\u00e9ploy\u00e9s les joueurs puissent interagir avant sans n\u00e9cessiter d\u2019action de la part d\u2019un organisateur.<\/p>\n<\/div>\n\n\n\n<div class=\"wp-block-cb-slide\">\n<h2 class=\"gb-headline gb-headline-a7a0fa95 gb-headline-text\"><strong>Robustes<\/strong><\/h2>\n\n\n\n<p>L\u2019utilisation de syst\u00e8mes \u00e9lectroniques dans le contexte d\u2019un GN comportent de nombreux risques (exemples : chocs, absence d\u2019alimentation \u00e9lectrique -&gt; batteries, utilisation des syst\u00e8mes en ext\u00e9rieur). Ces risques sont pris en compte d\u00e8s la conception.<\/p>\n<\/div>\n\n\n\n<div class=\"wp-block-cb-slide\">\n<h2 class=\"gb-headline gb-headline-51cd5372 gb-headline-text\"><strong>R\u00e9silients<\/strong><\/h2>\n\n\n\n<p>Les dispositifs&nbsp;<strong><em>TechnoLarp<\/em><\/strong>&nbsp;sont con\u00e7us pour prendre en compte la possibilit\u00e9 d\u2019une d\u00e9faillance et offrir deux moyens simples aux organisateurs de pouvoir agir :<\/p>\n\n\n\n<ul class=\"wp-block-list\">\n<li>Au travers d\u2019un back office accessible en wifi via n\u2019importe quel navigateur (d\u00e9faillance dans le d\u00e9roulement du sc\u00e9nario d\u2019\u00e9x\u00e9cution, reboot non pr\u00e9vu, \u2026)<\/li>\n\n\n\n<li>Chaque composant est facilement rempla\u00e7able en cas de panne mat\u00e9rielle.<\/li>\n<\/ul>\n<\/div>\n\n\n\n<div class=\"wp-block-cb-slide\">\n<h2 class=\"gb-headline gb-headline-271e4a99 gb-headline-text\"><strong>\u00c9conomiques<\/strong><\/h2>\n\n\n\n<p>Par souci de rendre les dispositifs&nbsp;<strong><em>TechnoLarp<\/em><\/strong>&nbsp;accessibles au plus grand nombre d\u2019organisateurs nous restons vigilants \u00e0 choisir les composants &amp; mati\u00e8res premi\u00e8res adapt\u00e9es \u00e0 notre besoin offrant le meilleur rapport qualit\u00e9-prix.<\/p>\n<\/div>\n\n\n\n<div class=\"wp-block-cb-slide\">\n<h2 class=\"gb-headline gb-headline-b0f918ba gb-headline-text\"><strong>Open-Source<\/strong><\/h2>\n\n\n\n<p>L\u2019ensemble des sources des diff\u00e9rents logiciels composant la solution&nbsp;<strong><em>TechnoLarp<\/em><\/strong>, des documentations et des fichiers de conception (plan de conception du PCB, fichiers permettant l\u2019impression 3D des boitiers \u2026) sont diffus\u00e9s sous licence open-source via les repository TechnoLarp. GitHub permet \u00e9galement \u00e0 notre communaut\u00e9 de nous remonter les bugs et de nous sugg\u00e9rer de nouvelles fonctionalit\u00e9s.<\/p>\n<\/div>\n\n\n\n<div class=\"wp-block-cb-slide\">\n<h2 class=\"gb-headline gb-headline-b39c7c1c gb-headline-text\"><strong>Modulaires<\/strong><\/h2>\n\n\n\n<p>Possibilit\u00e9 (pour les utilisateurs avanc\u00e9s) de cr\u00e9er de modules d\u2019extension pour \u00e9tendre les fonctionnalit\u00e9s des dispositifs de base.<\/p>\n<\/div>\n<\/div>\n\n<\/div><\/div>\n<\/div>\n<\/div>\n\n\n<div class=\"wp-block-media-text alignwide has-media-on-the-right is-stacked-on-mobile\"><div class=\"wp-block-media-text__content\">\n<p><\/p>\n\n\n\n<h2 class=\"gb-headline gb-headline-493332db gb-headline-text\">Soutenu par la communaut\u00e9 !<\/h2>\n\n\n\n<p>Le projet Techno LARP a pu voir le jour gr\u00e2ce au soutien financier de la <a rel=\"noreferrer noopener\" href=\"http:\/\/www.larp.be\/wp-content\/uploads\/2023\/02\/Bourse-pour-projet-innovant.V2.5-.docx.pdf\" data-type=\"URL\" data-id=\"http:\/\/www.larp.be\/wp-content\/uploads\/2023\/02\/Bourse-pour-projet-innovant.V2.5-.docx.pdf\" target=\"_blank\">Bourse pour projet innovant<\/a> de la <a href=\"http:\/\/larp.be\" data-type=\"URL\" data-id=\"http:\/\/larp.be\" target=\"_blank\" rel=\"noreferrer noopener\">f\u00e9d\u00e9ration belge de Jeux de R\u00f4les Grandeur Nature (BE Larp asbl)<\/a>. Gr\u00e2ce \u00e0 ce soutien, des prototypes ont pu \u00eatre cr\u00e9\u00e9s et sont mis \u00e0 disposition de la communaut\u00e9.<\/p>\n<\/div><figure class=\"wp-block-media-text__media\"><img loading=\"lazy\" decoding=\"async\" width=\"1024\" height=\"576\" src=\"https:\/\/eggregore.be\/wp-content\/uploads\/2023\/04\/BPI.png\" alt=\"\" class=\"wp-image-1015 size-full\" srcset=\"https:\/\/eggregore.be\/wp-content\/uploads\/2023\/04\/BPI.png 1024w, https:\/\/eggregore.be\/wp-content\/uploads\/2023\/04\/BPI-300x169.png 300w, https:\/\/eggregore.be\/wp-content\/uploads\/2023\/04\/BPI-768x432.png 768w\" sizes=\"auto, (max-width: 1024px) 100vw, 1024px\" \/><\/figure><\/div>\n","protected":false},"excerpt":{"rendered":"","protected":false},"author":1,"featured_media":0,"parent":0,"menu_order":0,"comment_status":"closed","ping_status":"closed","template":"","meta":{"footnotes":""},"class_list":["post-888","page","type-page","status-publish"],"_links":{"self":[{"href":"https:\/\/eggregore.be\/index.php?rest_route=\/wp\/v2\/pages\/888","targetHints":{"allow":["GET"]}}],"collection":[{"href":"https:\/\/eggregore.be\/index.php?rest_route=\/wp\/v2\/pages"}],"about":[{"href":"https:\/\/eggregore.be\/index.php?rest_route=\/wp\/v2\/types\/page"}],"author":[{"embeddable":true,"href":"https:\/\/eggregore.be\/index.php?rest_route=\/wp\/v2\/users\/1"}],"replies":[{"embeddable":true,"href":"https:\/\/eggregore.be\/index.php?rest_route=%2Fwp%2Fv2%2Fcomments&post=888"}],"version-history":[{"count":27,"href":"https:\/\/eggregore.be\/index.php?rest_route=\/wp\/v2\/pages\/888\/revisions"}],"predecessor-version":[{"id":1018,"href":"https:\/\/eggregore.be\/index.php?rest_route=\/wp\/v2\/pages\/888\/revisions\/1018"}],"wp:attachment":[{"href":"https:\/\/eggregore.be\/index.php?rest_route=%2Fwp%2Fv2%2Fmedia&parent=888"}],"curies":[{"name":"wp","href":"https:\/\/api.w.org\/{rel}","templated":true}]}}