{"id":1137,"date":"2023-11-23T10:39:59","date_gmt":"2023-11-23T10:39:59","guid":{"rendered":"https:\/\/eggregore.be\/?page_id=1137"},"modified":"2023-11-30T21:37:48","modified_gmt":"2023-11-30T21:37:48","slug":"la-cure","status":"publish","type":"page","link":"https:\/\/eggregore.be\/?page_id=1137","title":{"rendered":"La Cure"},"content":{"rendered":"<div class=\"gb-container gb-container-5e687653\"><div class=\"gb-inside-container\">\n<div class=\"gb-grid-wrapper gb-grid-wrapper-668e5acf\">\n<div class=\"gb-grid-column gb-grid-column-3333f3ed\"><div class=\"gb-container gb-container-3333f3ed\"><div class=\"gb-inside-container\">\n\n<h3 class=\"wp-block-heading has-text-align-center\">La Cure<\/h3>\n\n\n<div class=\"gb-container gb-container-42307072\"><div class=\"gb-inside-container\">\n<div class=\"wp-block-image is-style-default\">\n<figure class=\"aligncenter size-large is-resized\"><img loading=\"lazy\" decoding=\"async\" width=\"1024\" height=\"114\" src=\"https:\/\/eggregore.be\/wp-content\/uploads\/2022\/12\/Underline-limit-purple-1024x114.png\" alt=\"\" class=\"wp-image-719\" style=\"width:256px;height:29px\" srcset=\"https:\/\/eggregore.be\/wp-content\/uploads\/2022\/12\/Underline-limit-purple-1024x114.png 1024w, https:\/\/eggregore.be\/wp-content\/uploads\/2022\/12\/Underline-limit-purple-300x33.png 300w, https:\/\/eggregore.be\/wp-content\/uploads\/2022\/12\/Underline-limit-purple-768x85.png 768w, https:\/\/eggregore.be\/wp-content\/uploads\/2022\/12\/Underline-limit-purple.png 1501w\" sizes=\"auto, (max-width: 1024px) 100vw, 1024px\" \/><\/figure>\n<\/div>\n<\/div><\/div>\n\n\n<p class=\"has-medium-font-size\">La Cure est un groupe de joueureuses pour le GN mass-larp Ragnarok. Il propose aux participant\u00b7es d&rsquo;incarner des membres d&rsquo;une caravane principalement d\u00e9di\u00e9e \u00e0 la m\u00e9decine.<\/p>\n\n<\/div><\/div><\/div>\n\n<div class=\"gb-grid-column gb-grid-column-8dcdece9\"><div class=\"gb-container gb-container-8dcdece9\"><div class=\"gb-inside-container\">\n\n<h6 class=\"gb-headline gb-headline-96b92fa0 gb-headline-text\">Informations pratiques<\/h6>\n\n\n<div class=\"gb-grid-wrapper gb-grid-wrapper-5d9576b4\">\n<div class=\"gb-grid-column gb-grid-column-861229b8\"><div class=\"gb-container gb-container-861229b8\"><div class=\"gb-inside-container\">\n\n<p><strong>Temporalit\u00e9 :<\/strong><\/p>\n\n\n\n<p><strong>Lieu :<\/strong><\/p>\n\n\n\n<p><br><strong>Contact :<\/strong><\/p>\n\n\n\n<p><strong>Suivre sur les r\u00e9seaux :<\/strong> <\/p>\n\n<\/div><\/div><\/div>\n\n<div class=\"gb-grid-column gb-grid-column-66836a18\"><div class=\"gb-container gb-container-66836a18\"><div class=\"gb-inside-container\">\n\n<p>Une fois par an (18 au 21 juillet 2024)<\/p>\n\n\n\n<p>Plaine de Brisy,<br>6670 Gouvy (Belgique)<\/p>\n\n\n\n<p>info@eggregore.be<\/p>\n\n\n\n<p>Demande d&rsquo;adh\u00e9sion par mail<\/p>\n\n<\/div><\/div><\/div>\n<\/div>\n<\/div><\/div><\/div>\n<\/div>\n<\/div><\/div>\n\n<div class=\"gb-container gb-container-a7c37dda\"><div class=\"gb-inside-container\">\n\n<div class=\"wp-block-media-text alignwide is-stacked-on-mobile\"><figure class=\"wp-block-media-text__media\"><img loading=\"lazy\" decoding=\"async\" width=\"1024\" height=\"576\" src=\"https:\/\/eggregore.be\/wp-content\/uploads\/Ragnarok.png\" alt=\"\" class=\"wp-image-1167 size-full\" srcset=\"https:\/\/eggregore.be\/wp-content\/uploads\/Ragnarok.png 1024w, https:\/\/eggregore.be\/wp-content\/uploads\/Ragnarok-300x169.png 300w, https:\/\/eggregore.be\/wp-content\/uploads\/Ragnarok-768x432.png 768w\" sizes=\"auto, (max-width: 1024px) 100vw, 1024px\" \/><\/figure><div class=\"wp-block-media-text__content\">\n<h2 class=\"wp-block-heading\"><strong>Ragnarok<\/strong><\/h2>\n\n\n\n<p>Ragnarok est un GN belge de type mass-LARP (grande envergure) accueillant chaque ann\u00e9e un millier de participant\u00b7es et se d\u00e9roulant dans un univers m\u00e9di\u00e9val-fantasy.<\/p>\n\n\n\n<p>Les joueurs et joueuses y incarnent les habitant\u00b7es de peuples forc\u00e9s \u00e0 la vie nomade par l&rsquo;Empire d&rsquo;Or, un empire dictatorial r\u00e9gi par des morts-vivants et dont le leader spirituel est appel\u00e9 \u00ab\u00a0Le Proph\u00e8te de de Cristal\u00a0\u00bb.<\/p>\n\n\n\n<p>Le jeu se d\u00e9roule sur quatre jours, chaque ann\u00e9e, la semaine du 21 juillet.<\/p>\n<\/div><\/div>\n\n<\/div><\/div>\n\n<div class=\"gb-container gb-container-6487942b alignfull\"><div class=\"gb-inside-container\">\n\n<div class=\"wp-block-media-text alignwide has-media-on-the-right is-stacked-on-mobile\"><div class=\"wp-block-media-text__content\">\n<h2 class=\"wp-block-heading\"><strong>L<\/strong>a Caravane de la Cure<\/h2>\n\n\n\n<p>La Cure est une caravane de m\u00e9decins. Sa philosophie est soigner tout le monde, mais pour un prix. Pas question de faire la charit\u00e9 ! Ses membres proposent des services de soins, m\u00e9decine, chirurgie, infirmerie, mais aussi de magique, d&rsquo;alchimie, d&rsquo;herboristerie et d&rsquo;apothicaire. La Cure est ouverte aux \u00e9changes de services\/ressources. Au quotidien, le groupe a besoin aussi de protecteur\u00b7trices (guerrier\u00b7\u00e8res ou mages) et de r\u00e9colteurs. Globalement, la caravane recrute de tout (guerrier\u00b7\u00e8res, mages, m\u00e9decins, brasseur\u00b7euses, r\u00e9colteur\u00b7euses, etc.), tant que cette personne lui est utile.<\/p>\n\n\n\n<p><\/p>\n<\/div><figure class=\"wp-block-media-text__media\"><img loading=\"lazy\" decoding=\"async\" width=\"1024\" height=\"576\" src=\"https:\/\/eggregore.be\/wp-content\/uploads\/groupecure.png\" alt=\"\" class=\"wp-image-1166 size-full\" srcset=\"https:\/\/eggregore.be\/wp-content\/uploads\/groupecure.png 1024w, https:\/\/eggregore.be\/wp-content\/uploads\/groupecure-300x169.png 300w, https:\/\/eggregore.be\/wp-content\/uploads\/groupecure-768x432.png 768w\" sizes=\"auto, (max-width: 1024px) 100vw, 1024px\" \/><\/figure><\/div>\n\n<\/div><\/div>\n\n<div class=\"gb-container gb-container-01be9b13\"><div class=\"gb-inside-container\">\n\n<div class=\"wp-block-media-text alignwide is-stacked-on-mobile\"><figure class=\"wp-block-media-text__media\"><img loading=\"lazy\" decoding=\"async\" width=\"1024\" height=\"576\" src=\"https:\/\/eggregore.be\/wp-content\/uploads\/2023\/05\/Minion-5-image-site.png\" alt=\"\" class=\"wp-image-1040 size-full\" srcset=\"https:\/\/eggregore.be\/wp-content\/uploads\/2023\/05\/Minion-5-image-site.png 1024w, https:\/\/eggregore.be\/wp-content\/uploads\/2023\/05\/Minion-5-image-site-300x169.png 300w, https:\/\/eggregore.be\/wp-content\/uploads\/2023\/05\/Minion-5-image-site-768x432.png 768w\" sizes=\"auto, (max-width: 1024px) 100vw, 1024px\" \/><\/figure><div class=\"wp-block-media-text__content\">\n<h2 class=\"wp-block-heading\">En attente de changement<\/h2>\n\n\n\n<p>L&rsquo;\u00e9v\u00e9nement Ragnarok 2024 marquera le d\u00e9but d&rsquo;un cycle et sera marqu\u00e9 par une ellipse temporelle de plusieurs ann\u00e9es. Ce bon dans le temps am\u00e8nera peut-\u00eatre des changements dans la description du groupe.<\/p>\n\n\n\n<p><\/p>\n<\/div><\/div>\n\n<\/div><\/div>\n\n\n<pre class=\"wp-block-preformatted\"><em>Photos d'illustration et de banni\u00e8re de Jean-David Pierrot pour Ragnarok asbl<\/em><\/pre>\n","protected":false},"excerpt":{"rendered":"<p>Ragnarok Ragnarok est un GN belge de type mass-LARP (grande envergure) accueillant chaque ann\u00e9e un &#8230; <a title=\"La Cure\" class=\"read-more\" href=\"https:\/\/eggregore.be\/?page_id=1137\" aria-label=\"Plus sur La Cure\">Lire plus<\/a><\/p>\n","protected":false},"author":1,"featured_media":1154,"parent":0,"menu_order":0,"comment_status":"closed","ping_status":"closed","template":"","meta":{"footnotes":""},"class_list":["post-1137","page","type-page","status-publish","has-post-thumbnail"],"_links":{"self":[{"href":"https:\/\/eggregore.be\/index.php?rest_route=\/wp\/v2\/pages\/1137","targetHints":{"allow":["GET"]}}],"collection":[{"href":"https:\/\/eggregore.be\/index.php?rest_route=\/wp\/v2\/pages"}],"about":[{"href":"https:\/\/eggregore.be\/index.php?rest_route=\/wp\/v2\/types\/page"}],"author":[{"embeddable":true,"href":"https:\/\/eggregore.be\/index.php?rest_route=\/wp\/v2\/users\/1"}],"replies":[{"embeddable":true,"href":"https:\/\/eggregore.be\/index.php?rest_route=%2Fwp%2Fv2%2Fcomments&post=1137"}],"version-history":[{"count":18,"href":"https:\/\/eggregore.be\/index.php?rest_route=\/wp\/v2\/pages\/1137\/revisions"}],"predecessor-version":[{"id":1234,"href":"https:\/\/eggregore.be\/index.php?rest_route=\/wp\/v2\/pages\/1137\/revisions\/1234"}],"wp:featuredmedia":[{"embeddable":true,"href":"https:\/\/eggregore.be\/index.php?rest_route=\/wp\/v2\/media\/1154"}],"wp:attachment":[{"href":"https:\/\/eggregore.be\/index.php?rest_route=%2Fwp%2Fv2%2Fmedia&parent=1137"}],"curies":[{"name":"wp","href":"https:\/\/api.w.org\/{rel}","templated":true}]}}