{"id":1029,"date":"2023-05-31T15:51:00","date_gmt":"2023-05-31T15:51:00","guid":{"rendered":"https:\/\/eggregore.be\/?page_id=1029"},"modified":"2023-05-31T15:51:27","modified_gmt":"2023-05-31T15:51:27","slug":"manalhei","status":"publish","type":"page","link":"https:\/\/eggregore.be\/?page_id=1029","title":{"rendered":"Manalhei"},"content":{"rendered":"\n<p><\/p>\n\n\n<div class=\"gb-container gb-container-5e687653\"><div class=\"gb-inside-container\">\n<div class=\"gb-grid-wrapper gb-grid-wrapper-668e5acf\">\n<div class=\"gb-grid-column gb-grid-column-3333f3ed\"><div class=\"gb-container gb-container-3333f3ed\"><div class=\"gb-inside-container\">\n\n<h3 class=\"wp-block-heading has-text-align-center\">Manalhei<\/h3>\n\n\n<div class=\"gb-container gb-container-42307072\"><div class=\"gb-inside-container\">\n<div class=\"wp-block-image is-style-default\">\n<figure class=\"aligncenter size-large is-resized\"><img loading=\"lazy\" decoding=\"async\" src=\"https:\/\/eggregore.be\/wp-content\/uploads\/2022\/12\/Underline-limit-purple-1024x114.png\" alt=\"\" class=\"wp-image-719\" width=\"256\" height=\"29\" srcset=\"https:\/\/eggregore.be\/wp-content\/uploads\/2022\/12\/Underline-limit-purple-1024x114.png 1024w, https:\/\/eggregore.be\/wp-content\/uploads\/2022\/12\/Underline-limit-purple-300x33.png 300w, https:\/\/eggregore.be\/wp-content\/uploads\/2022\/12\/Underline-limit-purple-768x85.png 768w, https:\/\/eggregore.be\/wp-content\/uploads\/2022\/12\/Underline-limit-purple.png 1501w\" sizes=\"auto, (max-width: 256px) 100vw, 256px\" \/><\/figure>\n<\/div>\n<\/div><\/div>\n\n\n<p class=\"has-medium-font-size\">Le Royaume de Manalhei est un projet de nation pour le GN mass-larp AVATAR : LIFE 2022. Il proposera aux joueureuses d&rsquo;incarner le membre d&rsquo;une d\u00e9l\u00e9gation lors des grands jeux de la F\u00e9ria.<\/p>\n\n<\/div><\/div><\/div>\n\n<div class=\"gb-grid-column gb-grid-column-8dcdece9\"><div class=\"gb-container gb-container-8dcdece9\"><div class=\"gb-inside-container\">\n\n<h6 class=\"gb-headline gb-headline-96b92fa0 gb-headline-text\">Informations pratiques<\/h6>\n\n\n<div class=\"gb-grid-wrapper gb-grid-wrapper-5d9576b4\">\n<div class=\"gb-grid-column gb-grid-column-861229b8\"><div class=\"gb-container gb-container-861229b8\"><div class=\"gb-inside-container\">\n\n<p><strong>Temporalit\u00e9 :<\/strong><\/p>\n\n\n\n<p><strong>Lieu :<\/strong><\/p>\n\n\n\n<p><strong>Contact :<\/strong><\/p>\n\n\n\n<p><strong>Suivre sur les r\u00e9seaux :<\/strong> <\/p>\n\n<\/div><\/div><\/div>\n\n<div class=\"gb-grid-column gb-grid-column-66836a18\"><div class=\"gb-container gb-container-66836a18\"><div class=\"gb-inside-container\">\n\n<p>Une fois par an<\/p>\n\n\n\n<p>A d\u00e9finir<\/p>\n\n\n\n<p>info@eggregore.be<\/p>\n\n\n\n<p><a href=\"https:\/\/discord.gg\/5SfFMDW\" target=\"_blank\" rel=\"noreferrer noopener\">Discord du projet<\/a><\/p>\n\n<\/div><\/div><\/div>\n<\/div>\n<\/div><\/div><\/div>\n<\/div>\n<\/div><\/div>\n\n<div class=\"gb-container gb-container-a7c37dda\"><div class=\"gb-inside-container\">\n\n<div class=\"wp-block-media-text alignwide is-stacked-on-mobile\"><figure class=\"wp-block-media-text__media\"><img loading=\"lazy\" decoding=\"async\" width=\"1024\" height=\"576\" src=\"https:\/\/eggregore.be\/wp-content\/uploads\/2023\/05\/AVATAR-LIFE-img-site.png\" alt=\"\" class=\"wp-image-1035 size-full\" srcset=\"https:\/\/eggregore.be\/wp-content\/uploads\/2023\/05\/AVATAR-LIFE-img-site.png 1024w, https:\/\/eggregore.be\/wp-content\/uploads\/2023\/05\/AVATAR-LIFE-img-site-300x169.png 300w, https:\/\/eggregore.be\/wp-content\/uploads\/2023\/05\/AVATAR-LIFE-img-site-768x432.png 768w\" sizes=\"auto, (max-width: 1024px) 100vw, 1024px\" \/><\/figure><div class=\"wp-block-media-text__content\">\n<h2 class=\"wp-block-heading\"><strong>AVATAR : LIFE<\/strong><\/h2>\n\n\n\n<p>Life : un monde fa\u00e7onn\u00e9 par ceux et celles qui l\u2019ont parcouru, qui ont combattu, explor\u00e9 &#8230; et qui peuplent encore aujourd&rsquo;hui cet endroit magnifique&#8230;\u00a0M\u00e9lang\u00e9es depuis des mill\u00e9naires, toutes les races partagent aujourd\u2019hui un but commun : faire briller le royaume qu\u2019ils et elles ch\u00e9rissent et \u00eatre les prochains et prochaines \u00e0 plaire aux \u201cJuges\u201d, ces \u00eatres de puissance qui r\u00e9gulent le monde sous le regard des dieux et d\u00e9esses.<\/p>\n\n\n\n<p>Mais si ce monde utopique existe, c\u2019est au prix de grands sacrifices, et la libert\u00e9 de chacun et chacune s&rsquo;arr\u00eate aux fronti\u00e8res de son royaume. C\u2019est l\u00e0 que vous intervenez : champion et championne de votre domaine vous allez participer \u00e0 la \u2018F\u00e9ria\u2019. Mettez vos talents au service de votre royaume et mesurez-vous aux plus grands et aux plus grandes. <\/p>\n\n\n\n<p>Profitez de cette p\u00e9riode pour explorer la montagne Primordiale aux mille dangers et approchez le divin. N\u00e9gociez les territoires qui jouxtent votre nation, ou envahissez votre voisin ou voisine.\u00a0\u00c9crivez l\u2019histoire de Life en permettant \u00e0 votre peuple de prendre un avantage consid\u00e9rable qui assurera gloire et fortune \u00e0 votre nation.<\/p>\n\n\n\n<p><\/p>\n<\/div><\/div>\n\n<\/div><\/div>\n\n<div class=\"gb-container gb-container-6487942b\"><div class=\"gb-inside-container\">\n\n<div class=\"wp-block-media-text alignwide has-media-on-the-right is-stacked-on-mobile\"><div class=\"wp-block-media-text__content\">\n<h2 class=\"wp-block-heading\"><strong>Le Royaume de Manalhei<\/strong><\/h2>\n\n\n\n<p>Manalhei est une r\u00e9publique monarchique r\u00e9gie par quatre ordres : la noblesse, la bourgeoisie, le clerg\u00e9 et les arts magiques. Le royaume fut fond\u00e9 par la divinit\u00e9 Eldia, l&rsquo;Archiviste dont les membres du peuple s\u2019enorgueillissent d&rsquo;\u00eatre les dignes h\u00e9ritier\u00b7\u00e8re\u00b7s. En effet, le d\u00e9veloppement personnel et la r\u00e9colte de savoirs font partie des piliers de la soci\u00e9t\u00e9. Symbole ultime de cette philosophie : la Grande Biblioth\u00e8que, v\u00e9ritable merveille culturelle, est le n\u0153ud de connaissances du monde de LIFE. Pour qui a soif de savoir, Manalhei est le centre du monde.<\/p>\n\n\n\n<p>Mais la trahison d&rsquo;Alb\u00e9rus a marqu\u00e9 profond\u00e9ment l&rsquo;image du royaume apr\u00e8s des autres nations et le prochain grand rassemblement des peuples \u00e0 la F\u00e9ria aura un go\u00fbt d&rsquo;amertume&#8230;<\/p>\n\n\n\n<p><\/p>\n<\/div><figure class=\"wp-block-media-text__media\"><img loading=\"lazy\" decoding=\"async\" width=\"1024\" height=\"576\" src=\"https:\/\/eggregore.be\/wp-content\/uploads\/2023\/05\/Logo-img-manalhei-1.png\" alt=\"\" class=\"wp-image-1034 size-full\" srcset=\"https:\/\/eggregore.be\/wp-content\/uploads\/2023\/05\/Logo-img-manalhei-1.png 1024w, https:\/\/eggregore.be\/wp-content\/uploads\/2023\/05\/Logo-img-manalhei-1-300x169.png 300w, https:\/\/eggregore.be\/wp-content\/uploads\/2023\/05\/Logo-img-manalhei-1-768x432.png 768w\" sizes=\"auto, (max-width: 1024px) 100vw, 1024px\" \/><\/figure><\/div>\n\n<\/div><\/div>\n\n<div class=\"gb-container gb-container-cff6670c\"><div class=\"gb-inside-container\">\n\n<h2 class=\"wp-block-heading has-text-align-center\">La note d&rsquo;intention<\/h2>\n\n\n\n<p><strong>1. Un jeu ludique et convivial&#8230;<\/strong><\/p>\n\n\n\n<p>Une dynamique de groupe et un mode de jeu dans lesquels on prend plaisir \u00e0 jouer et \u00e0 se retrouver entre ami\u00b7e\u00b7s. L&rsquo;objectif ici n&rsquo;est pas de pousser l&rsquo;exigence jusqu&rsquo;\u00e0 organiser des tours de garde sous la pluie jusque 5h du matin ou passer 3h dans une cage parce qu&rsquo;on a commis un crime.<\/p>\n\n\n\n<p><strong>2. &#8230; Mais pas un d\u00e9triment de la qualit\u00e9 du jeu<\/strong><\/p>\n\n\n\n<p>M\u00eame si une ambiance conviviale est recherch\u00e9e, celle-ci ne doit pas exister au d\u00e9triment d&rsquo;un r\u00f4le play de qualit\u00e9. Il n&rsquo;est pas question d&rsquo;organiser ici un barbecue ou une guindaille d\u00e9guis\u00e9e. L&rsquo;objectif est bien de proposer une exp\u00e9rience de jeu avec une certaine exigence de gameplay.<\/p>\n\n\n\n<p><strong>3.&nbsp; Un groupe o\u00f9 chacun\u00b7e a un r\u00f4le \u00e0 jouer<\/strong><\/p>\n\n\n\n<p>D&rsquo;une mani\u00e8re ou d&rsquo;une autre, il y a la volont\u00e9 que les dynamiques de groupe comprennent des r\u00f4les que tout le monde peut occuper \u00e0 tout moment. Par exemple, si on joue une communaut\u00e9 de moines \u00e9vang\u00e9lisateurs, tenter de convertir des infid\u00e8les n&rsquo;est pas r\u00e9serv\u00e9 aux pr\u00eacheurs et donner la messe n&rsquo;est pas r\u00e9serv\u00e9 au p\u00e8re sup\u00e9rieur. Chacun\u00b7e peut prendre en main, \u00e0 n&rsquo;importe quel moment, ces t\u00e2ches.<\/p>\n\n\n\n<p><strong>4. Un visuel riche et coh\u00e9rent<\/strong><\/p>\n\n\n\n<p>Il y a la volont\u00e9 de mettre en place un code vestimentaire coh\u00e9rent avec notre background mais qui d\u00e9gage aussi quelque chose visuellement en retrouvant des \u00e9l\u00e9ments communs dans les costumes ou une pr\u00e9dominance de couleurs par exemple. L&rsquo;envie est d&rsquo;\u00e9viter l&rsquo;aspect patchwork improbable o\u00f9 se c\u00f4toient un moine \u00e0 la toge europ\u00e9enne trou\u00e9e, un samoura\u00ef \u00e0 l&rsquo;armure asiatique et un magicien \u00e0 la tenue ample saharienne.<\/p>\n\n\n\n<p><strong>5. Un investissement minimal<\/strong><\/p>\n\n\n\n<p>Nous avons toutes et tous des vies tr\u00e8s occup\u00e9es. Mais si nous voulons que ce projet soit une r\u00e9ussite, nous devons nous en donner les moyens. Il sera donc n\u00e9cessaire de partager les t\u00e2ches entre tous les membres du groupe (pas question ici d&rsquo;un ou deux responsables logistiques qui s&rsquo;occupent de tout).<\/p>\n\n\n\n<p>De m\u00eame, il sera demand\u00e9 de participer au possible \u00e0 des ateliers pour la cr\u00e9ation de d\u00e9cors ou d&rsquo;\u00e9l\u00e9ments de costumes.<\/p>\n\n<\/div><\/div>\n\n<div class=\"gb-container gb-container-01be9b13\"><div class=\"gb-inside-container\">\n\n<div class=\"wp-block-media-text alignwide is-stacked-on-mobile\"><figure class=\"wp-block-media-text__media\"><img loading=\"lazy\" decoding=\"async\" width=\"1024\" height=\"576\" src=\"https:\/\/eggregore.be\/wp-content\/uploads\/2023\/05\/Minion-5-image-site.png\" alt=\"\" class=\"wp-image-1040 size-full\" srcset=\"https:\/\/eggregore.be\/wp-content\/uploads\/2023\/05\/Minion-5-image-site.png 1024w, https:\/\/eggregore.be\/wp-content\/uploads\/2023\/05\/Minion-5-image-site-300x169.png 300w, https:\/\/eggregore.be\/wp-content\/uploads\/2023\/05\/Minion-5-image-site-768x432.png 768w\" sizes=\"auto, (max-width: 1024px) 100vw, 1024px\" \/><\/figure><div class=\"wp-block-media-text__content\">\n<h2 class=\"wp-block-heading\">En attente de changement<\/h2>\n\n\n\n<p>L&rsquo;\u00e9v\u00e9nement AVATAR : LIFE 2022 a \u00e9t\u00e9 annul\u00e9 faute de participant\u00b7e\u00b7s. Un autre \u00e9v\u00e9nement dans un univers similaire sera prochainement organis\u00e9 par une autre association. Le projet de nation Manalhei y sera transpos\u00e9. Dans l&rsquo;attente de plus d&rsquo;informations, l&rsquo;organisation du projet se repose tranquillement en grignotant des champignons des caves de la capitale.<\/p>\n\n\n\n<p><\/p>\n<\/div><\/div>\n\n<\/div><\/div>","protected":false},"excerpt":{"rendered":"<p>AVATAR : LIFE Life : un monde fa\u00e7onn\u00e9 par ceux et celles qui l\u2019ont parcouru, &#8230; <a title=\"Manalhei\" class=\"read-more\" href=\"https:\/\/eggregore.be\/?page_id=1029\" aria-label=\"Plus sur Manalhei\">Lire plus<\/a><\/p>\n","protected":false},"author":1,"featured_media":790,"parent":0,"menu_order":0,"comment_status":"closed","ping_status":"closed","template":"","meta":{"footnotes":""},"class_list":["post-1029","page","type-page","status-publish","has-post-thumbnail"],"_links":{"self":[{"href":"https:\/\/eggregore.be\/index.php?rest_route=\/wp\/v2\/pages\/1029","targetHints":{"allow":["GET"]}}],"collection":[{"href":"https:\/\/eggregore.be\/index.php?rest_route=\/wp\/v2\/pages"}],"about":[{"href":"https:\/\/eggregore.be\/index.php?rest_route=\/wp\/v2\/types\/page"}],"author":[{"embeddable":true,"href":"https:\/\/eggregore.be\/index.php?rest_route=\/wp\/v2\/users\/1"}],"replies":[{"embeddable":true,"href":"https:\/\/eggregore.be\/index.php?rest_route=%2Fwp%2Fv2%2Fcomments&post=1029"}],"version-history":[{"count":9,"href":"https:\/\/eggregore.be\/index.php?rest_route=\/wp\/v2\/pages\/1029\/revisions"}],"predecessor-version":[{"id":1138,"href":"https:\/\/eggregore.be\/index.php?rest_route=\/wp\/v2\/pages\/1029\/revisions\/1138"}],"wp:featuredmedia":[{"embeddable":true,"href":"https:\/\/eggregore.be\/index.php?rest_route=\/wp\/v2\/media\/790"}],"wp:attachment":[{"href":"https:\/\/eggregore.be\/index.php?rest_route=%2Fwp%2Fv2%2Fmedia&parent=1029"}],"curies":[{"name":"wp","href":"https:\/\/api.w.org\/{rel}","templated":true}]}}